{"id":860,"date":"2023-09-04T15:32:43","date_gmt":"2023-09-04T13:32:43","guid":{"rendered":"http:\/\/vigilancetf.com\/?page_id=860"},"modified":"2023-09-12T12:16:44","modified_gmt":"2023-09-12T10:16:44","slug":"a-propos-tel-responsive","status":"publish","type":"page","link":"https:\/\/vigilancetf.com\/?page_id=860","title":{"rendered":"A propos"},"content":{"rendered":"\t\t<div data-elementor-type=\"wp-page\" data-elementor-id=\"860\" class=\"elementor elementor-860\">\n\t\t\t\t\t\t\t\t\t<section class=\"elementor-section elementor-top-section elementor-element elementor-element-4f98608 elementor-hidden-desktop elementor-hidden-tablet elementor-section-boxed elementor-section-height-default elementor-section-height-default\" data-id=\"4f98608\" data-element_type=\"section\">\n\t\t\t\t\t\t<div class=\"elementor-container elementor-column-gap-default\">\n\t\t\t\t\t<div class=\"elementor-column elementor-col-50 elementor-top-column elementor-element elementor-element-bda0a81\" data-id=\"bda0a81\" data-element_type=\"column\">\n\t\t\t<div class=\"elementor-widget-wrap elementor-element-populated\">\n\t\t\t\t\t\t\t\t<div class=\"elementor-element elementor-element-ae56f89 elementor-widget elementor-widget-text-editor\" data-id=\"ae56f89\" data-element_type=\"widget\" data-widget_type=\"text-editor.default\">\n\t\t\t\t<div class=\"elementor-widget-container\">\n\t\t\t<style>\/*! elementor - v3.15.0 - 20-08-2023 *\/\n.elementor-widget-text-editor.elementor-drop-cap-view-stacked .elementor-drop-cap{background-color:#69727d;color:#fff}.elementor-widget-text-editor.elementor-drop-cap-view-framed .elementor-drop-cap{color:#69727d;border:3px solid;background-color:transparent}.elementor-widget-text-editor:not(.elementor-drop-cap-view-default) .elementor-drop-cap{margin-top:8px}.elementor-widget-text-editor:not(.elementor-drop-cap-view-default) .elementor-drop-cap-letter{width:1em;height:1em}.elementor-widget-text-editor .elementor-drop-cap{float:left;text-align:center;line-height:1;font-size:50px}.elementor-widget-text-editor .elementor-drop-cap-letter{display:inline-block}<\/style>\t\t\t\t<p>Si ces domaines sont en constante \u00e9volution, l&rsquo;entr\u00e9e en vigueur de deux nouvelles r\u00e9glementations europ\u00e9ennes transforme et \u00e9toffe consid\u00e9rablement le cadre normatif actuel. La directive Corporate Sustainability Directive \u00ab <em>CSRD<\/em> \u00bb remod\u00e8le la publication d&rsquo;informations durables par les entreprises. Outre une extension ambitieuse de son p\u00e9rim\u00e8tre, elle renforce consid\u00e9rablement le contenu des informations devant \u00eatre publi\u00e9es.<\/p><p>La directive sur le devoir de vigilance europ\u00e9en ou \u00ab <em>CSDD<\/em> \u00bb fait peser de nouveaux risques juridiques \u00e0 un nombre cons\u00e9quent de soci\u00e9t\u00e9s. Il leur faudra d\u00e9sormais s&rsquo;assurer du respect des droits fondamentaux et de l&rsquo;environnement par elles-m\u00eames et surtout par leurs cha\u00eenes d&rsquo;approvisionnements.<\/p><p>Toutefois, dans le m\u00eame temps, ces m\u00eames \u00e9l\u00e9ments offrent aux acteurs du march\u00e9 une incroyable opportunit\u00e9 pour se d\u00e9marquer en s&rsquo;affichant comme fer de lance d&rsquo;une d\u00e9marche \u00e9thique et environnementale \u00e9tablie par le biais de certifications.<\/p><p>La lutte contre le changement climatique et les atteintes \u00e0 la biodiversit\u00e9 ne fait aujourd&rsquo;hui plus d\u00e9bat. De la m\u00eame mani\u00e8re, le consommateur souhaite d\u00e9sormais \u00eatre le plus durable.<\/p>\t\t\t\t\t\t<\/div>\n\t\t\t\t<\/div>\n\t\t\t\t\t<\/div>\n\t\t<\/div>\n\t\t\t\t<div class=\"elementor-column elementor-col-50 elementor-top-column elementor-element elementor-element-06979f7\" data-id=\"06979f7\" data-element_type=\"column\">\n\t\t\t<div class=\"elementor-widget-wrap elementor-element-populated\">\n\t\t\t\t\t\t\t\t<div class=\"elementor-element elementor-element-01b8d3b elementor-widget elementor-widget-text-editor\" data-id=\"01b8d3b\" data-element_type=\"widget\" data-widget_type=\"text-editor.default\">\n\t\t\t\t<div class=\"elementor-widget-container\">\n\t\t\t\t\t\t\t<p><strong>La finalit\u00e9 de notre intervention consiste \u00e0 vous donner les outils n\u00e9cessaires pour vous mettre en conformit\u00e9 et \u00e0 le faire savoir.<\/strong><\/p><p>En effet, en vous conformant avec intelligence \u00e0 ces nouvelles r\u00e9glementations, il vous sera possible de devenir un acteur responsable et de faire conna\u00eetre vos documents en les attestant. Les contraintes en ces mati\u00e8res \u00e9voluent pour devenir transversales. Pour y r\u00e9pondre, nous vous proposons de mettre \u00e0 vos services une \u00e9quipe pluridisciplinaire compos\u00e9e du cabinet Huglo-Lepage Avocats ainsi que de personnalit\u00e9s reconnues en \u00e9conomie, finances, risques climatiques et biodiversit\u00e9, r\u00e9unies en un<br \/>r\u00e9seau : Vigilance Task Force<\/p><p>Pour sa pluridisciplinarit\u00e9, son expertise \u00e9tablie en mati\u00e8re de droits de l&rsquo;Homme et de protection de l&rsquo;environnement et son approche globale des probl\u00e9matiques, le r\u00e9seau Vigilance Task Force est particuli\u00e8rement apte \u00e0 accompagner les entreprises dans la conduite de cette \u00e9volution.<\/p>\t\t\t\t\t\t<\/div>\n\t\t\t\t<\/div>\n\t\t\t\t\t<\/div>\n\t\t<\/div>\n\t\t\t\t\t\t\t<\/div>\n\t\t<\/section>\n\t\t\t\t\t\t\t<\/div>\n\t\t","protected":false},"excerpt":{"rendered":"<p>Si ces domaines sont en constante \u00e9volution, l&rsquo;entr\u00e9e en vigueur de deux nouvelles r\u00e9glementations europ\u00e9ennes transforme et \u00e9toffe consid\u00e9rablement le cadre normatif actuel. La directive Corporate Sustainability Directive \u00ab CSRD \u00bb remod\u00e8le la publication d&rsquo;informations durables par les entreprises. Outre une extension ambitieuse de son p\u00e9rim\u00e8tre, elle renforce consid\u00e9rablement le contenu des informations devant \u00eatre &hellip;<\/p>\n<p class=\"read-more\"> <a class=\"\" href=\"https:\/\/vigilancetf.com\/?page_id=860\"> <span class=\"screen-reader-text\">A propos<\/span> Lire la suite\u00a0\u00bb<\/a><\/p>\n","protected":false},"author":1,"featured_media":0,"parent":0,"menu_order":0,"comment_status":"closed","ping_status":"closed","template":"","meta":{"site-sidebar-layout":"no-sidebar","site-content-layout":"page-builder","ast-site-content-layout":"","site-content-style":"default","site-sidebar-style":"default","ast-global-header-display":"","ast-banner-title-visibility":"","ast-main-header-display":"","ast-hfb-above-header-display":"","ast-hfb-below-header-display":"","ast-hfb-mobile-header-display":"","site-post-title":"disabled","ast-breadcrumbs-content":"","ast-featured-img":"disabled","footer-sml-layout":"","theme-transparent-header-meta":"","adv-header-id-meta":"","stick-header-meta":"","header-above-stick-meta":"","header-main-stick-meta":"","header-below-stick-meta":"","astra-migrate-meta-layouts":"","footnotes":""},"class_list":["post-860","page","type-page","status-publish","hentry"],"_links":{"self":[{"href":"https:\/\/vigilancetf.com\/index.php?rest_route=\/wp\/v2\/pages\/860","targetHints":{"allow":["GET"]}}],"collection":[{"href":"https:\/\/vigilancetf.com\/index.php?rest_route=\/wp\/v2\/pages"}],"about":[{"href":"https:\/\/vigilancetf.com\/index.php?rest_route=\/wp\/v2\/types\/page"}],"author":[{"embeddable":true,"href":"https:\/\/vigilancetf.com\/index.php?rest_route=\/wp\/v2\/users\/1"}],"replies":[{"embeddable":true,"href":"https:\/\/vigilancetf.com\/index.php?rest_route=%2Fwp%2Fv2%2Fcomments&post=860"}],"version-history":[{"count":6,"href":"https:\/\/vigilancetf.com\/index.php?rest_route=\/wp\/v2\/pages\/860\/revisions"}],"predecessor-version":[{"id":921,"href":"https:\/\/vigilancetf.com\/index.php?rest_route=\/wp\/v2\/pages\/860\/revisions\/921"}],"wp:attachment":[{"href":"https:\/\/vigilancetf.com\/index.php?rest_route=%2Fwp%2Fv2%2Fmedia&parent=860"}],"curies":[{"name":"wp","href":"https:\/\/api.w.org\/{rel}","templated":true}]}}